30.
886
Calculate the greatest common factor of 315 and 344295.
315
Calculate the greatest common divisor of 12 and 2445786.
6
Calculate the highest common factor of 11084 and 748.
68
Calculate the highest common divisor of 5691047 and 87.
29
What is the greatest common factor of 14845 and 60?
5
What is the greatest common factor of 2882 and 52?
2
Calculate the greatest common divisor of 450087 and 28083.
759
Calculate the highest common factor of 22837 and 25622.
557
Calculate the greatest common factor of 15 and 25640805.
15
Calculate the greatest common factor of 43 and 7568.
43
What is the greatest common divisor of 105978 and 5195?
1039
What is the greatest common factor of 150804 and 954?
18
Calculate the highest common factor of 444 and 18372.
12
Calculate the highest common factor of 38 and 95741.
19
What is the highest common divisor of 36 and 65484?
36
Calculate the greatest common factor of 7696 and 60976.
592
Calculate the highest common factor of 123 and 412952.
41
What is the highest common factor of 15275 and 297050?
325
Calculate the greatest common divisor of 5183 and 29857.
73
Calculate the greatest common factor of 70 and 110.
10
Calculate the highest common factor of 2845 and 20260.
5
What is the highest common factor of 158 and 822153?
79
Calculate the greatest common factor of 188496 and 2805.
561
Calculate the greatest common factor of 3360 and 4920.
120
What is the greatest common divisor of 931 and 836?
19
Calculate the highest common divisor of 5126 and 7922.
466
Calculate the highest common factor of 12078162 and 1046.
1046
Calculate the greatest common factor of 245 and 392525.
35
Calculate the greatest common divisor of 3266 and 3976.
142
What is the highest common factor of 103941 and 18?
9
Calculate the highest common divisor of 204358 and 14.
14
Calculate the highest common divisor of 52443 and 9.
9
Calculate the greatest common divisor of 61102 and 411.
137
Calculate the highest common divisor of 108862 and 53.
53
Calculate the highest common divisor of 779417 and 101.
101
Calculate the highest common factor of 99150 and 150.
150
What is the greatest common factor of 2502 and 149564?
278
What is the highest common divisor of 4016 and 64?
16
What is the highest common factor of 98 and 333032?
14
Calculate the greatest common divisor of 33720 and 180.
60
What is the highest common factor of 1539 and 358074?
513
What is the highest common divisor of 2794 and 359410?
254
Calculate the greatest common divisor of 444771 and 399.
57
What is the highest common divisor of 131975 and 145?
5
What is the highest common divisor of 4268 and 605?
11
Calculate the highest common factor of 208 and 286000.
208
What is the greatest common divisor of 276 and 25737?
69
What is the greatest common factor of 7923 and 798?
57
Calculate the greatest common factor of 34 and 221561.
17
Calculate the highest common factor of 1729 and 35644.
133
Calculate the highest common factor of 32 and 218336.
32
Calculate the greatest common factor of 54608 and 48.
16
Calculate the greatest common factor of 12 and 69042.
6
Calculate the greatest common factor of 4088 and 19637.
73
What is the greatest common factor of 1125 and 84125?
125
What is the greatest common divisor of 260 and 9520?
20
Calculate the highest common divisor of 532 and 84284.
76
What is the greatest common factor of 55 and 1097371?
11
Calculate the highest common divisor of 534 and 417.
3
What is the highest common factor of 39405 and 18537?
111
What is the highest common divisor of 19100 and 1350?
50
Calculate the greatest common divisor of 394240 and 3465.
385
Calculate the highest common divisor of 32 and 4064.
32
What is the greatest common factor of 504 and 7987?
7
Calculate the greatest common divisor of 14787 and 403.
31
Calculate the highest common factor of 68 and 1940.
4
Calculate the greatest common divisor of 465 and 932790.
465
What is the highest common divisor of 1734 and 2600422?
578
What is the highest common divisor of 2095 and 2874340?
2095
What is the highest common divisor of 66 and 2739?
33
Calculate the greatest common divisor of 16 and 44056.
8
What is the greatest common divisor of 68971 and 413?
413
What is the highest common divisor of 60810 and 915?
15
What is the greatest common divisor of 272 and 16711?
17
Calculate the highest common divisor of 16 and 17920.
16
What is the greatest common factor of 2 and 50902?
2
What is the greatest common factor of 42 and 518?
14
What is the highest common factor of 525 and 516810?
105
Calculate the highest common divisor of 28 and 1088948.
28
What is the greatest common divisor of 148 and 212?
4
Calculate the highest common divisor of 142075 and 25.
25
Calculate the greatest common divisor of 347 and 44.
1
Calculate the greatest common factor of 4945 and 11555.
5
Calculate the highest common factor of 3700 and 4736.
148
What is the highest common divisor of 546279 and 77670?
2589
Calculate the greatest common divisor of 60137 and 968.
121
What is the greatest common factor of 8 and 96904?
8
What is the highest common divisor of 1600 and 300?
100
What is the highest common factor of 1008 and 40272?
48
What is the greatest common factor of 72 and 138096?
72
What is the highest common divisor of 68 and 8653?
17
Calculate the highest common factor of 145 and 187717.
29
Calculate the greatest common divisor of 1046 and 8401472.
1046
What is the greatest common factor of 659760 and 500?
20
Calculate the greatest common divisor of 80 and 260080.
80
Calculate the highest common factor of 1112496 and 516.
516
Calculate the greatest common divisor of 900585 and 210.
105
Calculate the greatest common divisor of 340 and 1278740.
340
What is the greatest common divisor of 9554 and 14348?
34
Calculate the highest common divisor of 42430 and 30.
10
Calculate the highest common factor of 117 and 34294.
13
Calculate the greatest common factor of 96250 and 25.
25
Calculate the highest common factor of 675 and 24165.
135
What is the highest common divisor of 1562 and 1650?
22
What is the highest common factor of 26565 and 105?
105
What is the greatest common divisor of 8232 and 48?
24
What is the highest common factor of 72 and 20616?
24
Calculate the highest common factor of 1855 and 2520.
35
Calculate the highest common divisor of 4922 and 41814.
46
Calculate the greatest common divisor of 789 and 1064624.
263
What is the highest common divisor of 946 and 22446?
86
What is the highest common factor of 966 and 1281?
21
What is the greatest common factor of 2680 and 4?
4
What is the greatest common factor of 2132 and 41444?
52
Calculate the greatest common factor of 495 and 188540.
55
Calculate the highest common factor of 14946 and 14628.
318
What is the greatest common divisor of 350 and 5866?
14
Calculate the highest common factor of 353 and 113313.
353
What is the highest common divisor of 24 and 240564?
12
Calculate the highest common divisor of 179457 and 123.
123
What is the greatest common factor of 156 and 2820714?
78
What is the highest common factor of 27 and 157770?
9
Calculate the greatest common divisor of 428 and 1498.
214
Calculate the greatest common divisor of 87870 and 60.
30
Calculate the greatest common divisor of 23828 and 69.
23
Calculate the greatest common factor of 20 and 43540.
20
What is the greatest common factor of 494 and 2052?
38
What is the highest common divisor of 36 and 574116?
12
What is the greatest common factor of 134 and 29413?
67
What is the highest common divisor of 32 and 947424?
32
Calculate the highest common factor of 321 and 276809.
107
What is the highest common factor of 3750 and 525?
75
Calculate the highest common factor of 9 and 16689.
3
What is the highest common factor of 52399 and 305?
61
Calculate the greatest common factor of 8034 and 390.
78
Calculate the greatest common factor of 24 and 1308152.
8
What is the highest common divisor of 54599 and 213?
71
What is the highest common factor of 139 and 530?
1
Calculate the greatest common factor of 6600 and 759.
33
What is the highest common factor of 8324734 and 1067?
1067
Calculate the greatest common divisor of 31705 and 68.
17
What is the highest common factor of 114275 and 2100?
175
What is the greatest common divisor 